2289
Calculate the greatest common factor of 2683688 and 3514.
14
What is the highest common divisor of 12060 and 90277140?
4020
Calculate the highest common divisor of 144364 and 708312.
44
Calculate the highest common divisor of 269937 and 68085.
801
What is the highest common factor of 2545380 and 540?
180
What is the highest common factor of 350865 and 8487?
207
What is the greatest common factor of 94238405 and 59440?
3715
Calculate the greatest common divisor of 540 and 44030358.
54
Calculate the greatest common divisor of 55 and 35838847.
11
What is the greatest common factor of 60288 and 3660?
12
What is the highest common factor of 1067 and 1702738?
97
Calculate the highest common factor of 9111786 and 1290.
258
Calculate the highest common divisor of 5782 and 6615434.
826
Calculate the highest common divisor of 26790 and 6593.
19
What is the highest common divisor of 29 and 74800454?
29
What is the highest common divisor of 152544 and 4728?
24
Calculate the greatest common factor of 21318 and 1275714.
1122
What is the highest common factor of 579998 and 11?
1
What is the highest common factor of 57438783 and 99?
9
What is the highest common factor of 28593121 and 603?
67
Calculate the greatest common divisor of 64665 and 4212805.
2395
What is the highest common divisor of 229255634 and 66038?
9434
Calculate the greatest common factor of 12865 and 5672635.
415
What is the greatest common divisor of 225896 and 3382702?
302
Calculate the greatest common factor of 14302 and 366896357.
7151
Calculate the highest common factor of 4586277 and 496128.
969
What is the greatest common divisor of 45264 and 4231200?
1968
Calculate the greatest common factor of 69547467 and 114.
57
What is the highest common divisor of 285 and 2180820?
285
What is the highest common divisor of 508082 and 141?
1
Calculate the highest common divisor of 1987331 and 1921.
113
What is the greatest common factor of 180 and 218740770?
90
Calculate the highest common divisor of 57423104 and 2304.
256
What is the greatest common divisor of 12558210 and 7?
7
What is the highest common factor of 81984 and 79296?
1344
What is the highest common factor of 2400 and 16371325?
25
What is the greatest common factor of 12898161 and 18?
9
What is the highest common factor of 191754069 and 39?
39
Calculate the highest common divisor of 3311 and 67838778.
301
What is the highest common divisor of 2388 and 11282703?
597
Calculate the greatest common factor of 1444566 and 2.
2
Calculate the highest common divisor of 5492 and 3376020272.
5492
Calculate the highest common factor of 124223 and 33.
11
What is the greatest common divisor of 6595 and 16535?
5
What is the greatest common factor of 490 and 8460480?
70
Calculate the greatest common divisor of 119 and 3957653.
7
What is the greatest common divisor of 3225 and 12220815?
645
What is the highest common divisor of 1590074 and 5?
1
What is the greatest common divisor of 39984 and 280635936?
2352
What is the highest common divisor of 1852869 and 358161?
1293
What is the greatest common divisor of 598803676 and 2588?
2588
What is the highest common divisor of 2080 and 17604756?
52
What is the greatest common divisor of 60 and 68488890?
30
What is the highest common divisor of 896 and 3336396?
28
What is the highest common factor of 59668620 and 3300?
660
Calculate the highest common factor of 23697900 and 30.
30
Calculate the greatest common factor of 508 and 55874666.
254
What is the greatest common divisor of 588 and 48784848?
84
Calculate the greatest common divisor of 41 and 632680717.
41
What is the highest common divisor of 1347 and 2278977177?
1347
Calculate the greatest common divisor of 18315 and 112460205.
6105
Calculate the greatest common factor of 26943 and 5236.
7
Calculate the greatest common divisor of 21718 and 615194927.
10859
Calculate the highest common factor of 16010058 and 24.
6
What is the highest common factor of 41293 and 105488?
347
Calculate the highest common factor of 625790 and 34430.
110
Calculate the highest common factor of 1788 and 8255494.
298
What is the greatest common divisor of 186 and 10760658?
186
Calculate the greatest common divisor of 16344464 and 107.
107
Calculate the greatest common divisor of 56571 and 344270.
173
What is the greatest common divisor of 2446 and 8657617?
1223
What is the greatest common divisor of 840720 and 1164804?
1356
Calculate the greatest common divisor of 972 and 251712522.
486
Calculate the greatest common factor of 27420 and 228.
12
Calculate the highest common factor of 24651515 and 542.
271
What is the highest common factor of 1414075 and 8075?
475
Calculate the greatest common divisor of 334 and 699470148.
334
What is the highest common divisor of 94100 and 20464868?
3764
Calculate the greatest common factor of 130 and 23525040.
10
What is the highest common factor of 739926621 and 126?
63
Calculate the greatest common factor of 33333010 and 10.
10
What is the greatest common factor of 337824 and 438056?
136
Calculate the highest common divisor of 254583 and 20574.
81
Calculate the highest common divisor of 29509939 and 8703.
967
Calculate the highest common factor of 139742 and 2461.
107
What is the highest common divisor of 12497 and 1678234627?
12497
Calculate the highest common divisor of 6335739 and 486.
243
Calculate the highest common divisor of 56429 and 5493469.
73
What is the greatest common divisor of 94523 and 93496?
13
What is the greatest common factor of 68130311 and 79?
79
Calculate the highest common factor of 52 and 1190068828.
52
What is the greatest common divisor of 3408 and 17288?
8
What is the greatest common divisor of 64807 and 172630?
283
What is the highest common divisor of 3 and 33246879?
3
What is the greatest common divisor of 18648461 and 13?
13
Calculate the greatest common factor of 2214 and 14258268.
54
Calculate the highest common factor of 1667645 and 19769.
53
What is the greatest common divisor of 52 and 5480878?
26
Calculate the greatest common divisor of 48805876 and 70.
14
Calculate the greatest common divisor of 658912 and 176.
16
Calculate the highest common divisor of 60640 and 99256310.
3790
Calculate the greatest common divisor of 231673 and 153361.
3263
What is the greatest common factor of 2 and 23830098?
2
Calculate the greatest common factor of 48816 and 1028.
4
Calculate the highest common divisor of 1269 and 820949.
47
Calculate the greatest common factor of 133111575 and 192015.
11295
Calculate the greatest common divisor of 16 and 151431152.
16
Calculate the greatest common divisor of 129816 and 449496.
216
Calculate the greatest common factor of 17136 and 83272.
56
Calculate the highest common factor of 698728 and 47593.
523
What is the highest common divisor of 1247484 and 45696?
84
What is the greatest common divisor of 801006 and 8262?
102
What is the greatest common divisor of 662480211 and 3?
3
Calculate the greatest common factor of 28779448 and 5360.
536
What is the greatest common divisor of 26 and 6653006?
2
Calculate the highest common divisor of 44 and 4448818.
22
Calculate the highest common factor of 341666 and 33202.
26
What is the highest common factor of 117904770 and 90?
90
What is the greatest common factor of 15609 and 35574?
363
What is the greatest common divisor of 39790923 and 334?
167
Calculate the greatest common factor of 2978 and 327648494.
2978
What is the highest common factor of 3098 and 59777459?
1549
What is the greatest common factor of 150262 and 234976?
14
Calculate the highest common divisor of 9406419 and 1452.
363
What is the highest common factor of 76016 and 2000?
16
Calculate the greatest common divisor of 2 and 2097917.
1
Calculate the highest common divisor of 78514 and 146.
2
What is the highest common divisor of 113024012 and 970?
194
What is the highest common divisor of 2566560 and 33360?
240
Calculate the highest common factor of 2574 and 56973774.
858
What is the highest common divisor of 34070229 and 777?
111
What is the highest common divisor of 1085 and 135919469?
217
What is the greatest common factor of 9093110 and 84184?
1238
Calculate the highest common divisor of 250741192 and 9048.
3016
Calculate the highest common factor of 34717881 and 471.
